 Let v(m) = -m**2 + m + 3. Give v(p).
-9
Let j(n) = 5*n - 59. Let y be j(11). Let b(t) = t + 4. Determine b(y).
0
Let u(a) = -a**3 - 9*a**2 + 2*a - 5. Suppose 8*f = 77*f + 621. Determine u(f).
-23
Suppose 5*t + 2 - 17 = 0. Let y(z) = 4*z**3 - 4*z**2 + 6*z + 9. Let w(p) = -3*p**3 + 3*p**2 - 4*p - 6. Let o(i) = 7*w(i) + 5*y(i). Determine o(t).
-9
Let r(b) = -b**2 - b + 5. Let o be r(-2). Let v(m) = 2*m**3 - 73 + 72 + 3*m**o + m**3 + m. Calculate v(1).
6
Let y(t) = 4*t**2 - 11*t - 13. Let g be y(6). Let j = g + -61. Let q(u) = u**3 - 4*u**2 + 5. What is q(j)?
5
Let w(v) be the third derivative of v**7/2520 - v**6/240 + v**5/40 + v**4/4 - 6*v**2. Let k(g) be the second derivative of w(g). Determine k(5).
13
Suppose -3*u - 9 - 6 = 0. Let s(v) = 2*v + 3. Let p(g) = -2 - 1 + 1 - 2*g + 0. Let x(k) = 6*p(k) + 5*s(k). Give x(u).
13
Let r = 9 - 4. Let f(x) be the second derivative of -7/2*x**2 - 9*x + 0 + x**3 - 1/12*x**4. Give f(r).
-2
Let p(w) = 5*w**2 + 7*w - 9. Let r(n) = -4*n**2 - 6*n + 7. Let h(v) = 3*p(v) + 4*r(v). Let z(s) = -s**3 + 9*s**2 - 6*s - 19. Let a be z(8). Determine h(a).
1
Suppose 8*n - 3*n = 0. Let s be 2 + (1 - (n + 1)). Suppose -s*r + r = -1. Let a(d) = 3*d**3 + d**2 - d. What is a(r)?
3
Let l(b) be the third derivative of b**4/4 - b**3/6 + 54*b**2. Give l(-10).
-61
Suppose -20*f - 32 = -28*f. Suppose f*s = -4*j + 20, -s = 2*j + 3*j - 5. Let v(p) = -p + 3. Calculate v(s).
-2
Suppose -8*f + 19 + 53 = 0. Let x(h) = h - 14. What is x(f)?
-5
Suppose 5*g = -4*r + 41, -4*r + 53 = g - 0*g. Let v be (-14)/(-4)*8/r. Let p(f) = 3 + f**v + 4*f + f - 1. Determine p(-4).
-2
Let j(a) = a**3 + 2*a**2 + a + 2. Let i(g) = g**3 + 2*g**2 - g. Let d be i(-2). Suppose -2*r - 2*h = -3*h + 2, 2*h = d*r. Give j(r).
0
Let l(a) be the second derivative of 7*a + 1/12*a**4 + 1/2*a**2 + 0 + 0*a**3. What is l(-4)?
17
Let h(q) = -2*q**3 - 2*q**2 + 3*q + 3. Let m be h(-2). Suppose -3*y - m = -14. Suppose 3*o = u + 15, 3*o - y = 4*u + 3. Let i(d) = d**2 - 8*d + 5. Give i(o).
-7
Let r(y) = -6*y**2 - y. Let q(d) = -4*d**2 - d. Let g(m) = -4*q(m) + 3*r(m). Determine g(-1).
-3
Let t(o) = 5*o**2 + 4*o. Let m(g) = -3*g**2 - 3*g. Let b(v) = -8*m(v) - 5*t(v). Let s be 1/(-2) + (-9)/(-2). Calculate b(s).
0
Let k(r) be the first derivative of -r**4/4 + 2*r**3 + r**2/2 + 3*r + 111. Determine k(6).
9
Let z(l) be the first derivative of 2*l**3/3 - 2*l**2 + 4*l - 52. Let m be 4/14 + 36/21. Let k be z(m). Let y(a) = -2*a - 4. Give y(k).
-12
Let p(a) = 3*a + 36. Let q be p(-12). Let n(c) = -c**2 + 10. Determine n(q).
10
Let j be (-12)/10*10/(-3). Let z be ((-8)/(-5) + -1)/(2/20). Let h(a) = -a**2 + 7*a - 8. Let r(f) = f**2 - 7*f + 7. Let t(x) = z*r(x) + 5*h(x). Determine t(j).
-10
Let s(y) = y**3 + 5*y**2 + 2*y - 2. Suppose -5*a = 36 - 6. Let q(j) = 3*j - 5. Let u be q(3). Let c = a + u. What is s(c)?
6
Suppose -3*n = -3*u + 4*u - 5, -5*u + 13 = 3*n. Let w(d) = 1 + n + 2*d + d. What is w(-2)?
-4
Let j(x) be the first derivative of -x**2/2 - 3*x + 1. Let m be (0/(-3 + 6 + -2))/3. What is j(m)?
-3
Let s(w) = 7*w**2 - w + 1. Let o be (11/2)/(2/4) - 0. Suppose o*f = 10*f + 1. What is s(f)?
7
Suppose 3*x - 5*x + 4 = 0. Let l(q) = 0 - q**2 - 7*q + 1 + x*q. Suppose i + 2 + 4 = 0. What is l(i)?
-5
Let g = -33 + 27. Let b be -2 + -1 + g/(-2). Let m(s) = -4*s**2 - s**3 - 3*s**2 + 0*s**3 + b*s**2 - 10 + s. Determine m(-7).
-17
Let o(a) = -a**2 - a - 7. Let b = 52 - 58. Let w be b/4*2/(-1) + -3. What is o(w)?
-7
Let b(d) = -d**3 - 2*d**2 + 2*d - 1. Let h be b(-3). Suppose -2*s = 3*c, -4 = h*c + s - 5. Let g(o) = o**3 - 2*o**2 + 2*o - 1. What is g(c)?
3
Suppose 4*i - 10 = -3*h, 3*h + 4*i = 7*h - 4. Let y(l) be the third derivative of l**4/12 - l**3/2 - l**2 + 48*l. Give y(h).
1
Let g(u) = -u + 12. Let o = -1637 + 1618. Determine g(o).
31
Let a(i) be the third derivative of 1/24*i**4 - 3*i**2 + 0*i + 0 - 1/3*i**3. Determine a(8).
6
Let j be (19 - 33)/(2*2/4). Let v(m) = -m**2 - 15*m - 22. What is v(j)?
-8
Let p(a) = a**2 - 3*a + 28 - 7 - 11 - 7 + 5*a. Calculate p(-2).
3
Let x = 485 - 485. Let h(f) be the first derivative of f**4/4 - f**2/2 + f - 1. Calculate h(x).
1
Let v(m) be the first derivative of -m**6/360 - m**5/30 - 19*m**3/3 + 39. Let k(o) be the third derivative of v(o). Calculate k(-6).
-12
Let k(m) = m**3 - 10*m**2 - 4*m + 46. Let o be k(10). Let q(u) = -2*u - 10. Give q(o).
-22
Suppose 4*x = -5*g - 3 + 6, 5*x - g - 11 = 0. Let c be (-7)/14 + 11/x. Suppose 11 = 4*n - c. Let b(q) = q**2 - 2*q - 3. Give b(n).
5
Let i = -607 + 593. Let t(k) = k**3 + 15*k**2 + 13*k - 17. Give t(i).
-3
Suppose 4 = 5*w - 2*x, -4*w + 7*x - 3*x = 4. Let h = -1 - 0. Let d be 3 - (w + 2/h). Let s(o) = -o. Give s(d).
-3
Let w(b) = 28*b - 24*b - 36 + 30. Give w(5).
14
Let c(n) = -2*n**3 + n**3 - 3*n**2 + 3836*n + 3 - 3837*n. Give c(-3).
6
Let q(l) = l**3 - 7*l**2 + 7*l - 7. Let j be q(6). Let w(m) = m**2 + m + 1. Let y(z) = -6*z**2 - 9*z - 9. Let c(p) = j*y(p) - 5*w(p). Calculate c(-3).
1
Let s(b) = -4*b - 2. Let k(i) = i**2 - 8*i + 4. Let c be k(6). Let l be (c/(-4))/(-2)*3. Let u(x) = 2*x + 4. Let y be u(l). What is s(y)?
6
Let p(b) = -b**2 - 5*b - 3. Let w = -27 - -57. Suppose 33*a = w*a - 9. What is p(a)?
3
Let i(q) = -q**2 + 12*q - 19. Let t(x) = x**3 - 25*x**2 + 49*x - 60. Let p be t(23). Determine i(p).
8
Let i(b) be the third derivative of 1/30*b**5 + 3*b**2 - 1/6*b**4 - 1/2*b**3 + 0*b + 0. Calculate i(4).
13
Suppose -5*w - 2*n = -21, 2 + 7 = 5*w - 2*n. Let y(f) = 2*f**2 - 4*f + 2. Give y(w).
8
Suppose 33*o + 4*o = 0. Let h(n) = n**3 + n + 28. Give h(o).
28
Let o(v) = -v**3 + v**2 + v - 1. Let k be o(-2). Suppose -6*s + k = -15. Let l(p) = 5 + p**3 - 3*p**2 - s - 7*p + 5. Determine l(4).
-6
Let n(k) = -3 + 18*k - 7*k - 1 - 12*k. Suppose 1 - 3 = r. Give n(r).
-2
Let o = -4 - -25. Suppose o = -3*g + 9. Let y(i) = -i**3 + 6*i**2 + 5*i + 1. Let a(u) = -2*u**2 - u. Let c(h) = 5*a(h) + y(h). What is c(g)?
1
Let y = 1727 - 1723. Let t(a) = a + 17. Calculate t(y).
21
Let p(y) = 8*y**2 - 2 + 0 - 7*y**2. Let v be p(2). Let g(i) = -2*i**2 + 0*i - 4*i**v + i + 0*i. What is g(1)?
-5
Let v(m) = m**2 - 5*m + 6. Suppose -2*r - 3*k + 7 = 0, -3*r + 4*k = -2*r + 13. Let g = 3 + r. Suppose -3*i = -g*i - 6. Calculate v(i).
12
Let t(k) = 4*k**2 - 7 - 3*k**2 - 3*k**2 + 4*k**2 - 2*k. Determine t(5).
33
Let h be 28/3*(-2 - (-3)/6). Let n = h - -13. Let f(q) = 7*q**3 + q**2 - q - 1. Give f(n).
-6
Let c = -241 + 230. Let j(h) = -h**3 - 11*h**2 - 2*h - 15. Determine j(c).
7
Let w be 0 - -9*(-6)/(-9). Let g(l) = 2*l**3 - 15*l**2 - 2*l - 6. Let f(r) = 3*r**3 - 23*r**2 - 2*r - 9. Let q(m) = 5*f(m) - 8*g(m). Calculate q(w).
3
Let s(d) = -4*d + 1. Let a be ((-2)/(-4))/(3/6). Let z be s(a). Let n(b) = 7*b**2 + b - 6. Let r(p) = -5*p**2 + 5. Let v(q) = -3*n(q) - 4*r(q). Calculate v(z).
-2
Let g(m) = -28*m**2. Suppose 0 = 5*l + 20, -2 = 2*o - 0*o + l. What is g(o)?
-28
Let a(r) = 2848*r - 2851*r + 4 - 4. Suppose 4 + 0 = 2*o. Let w = o + -4. Calculate a(w).
6
Let j(y) = -3*y + 3. Let x be (1 - 0)/(1/2). Let o be j(x). Let z(b) = 72 - 143 + 72 - b. Calculate z(o).
4
Let v(f) = -3*f. Let c be (12/(-14))/(3*2/(-21)). Determine v(c).
-9
Let y(t) = 3 - t - 2 + 5. Let h be (-71 - -1)*5/10. Let s be (14/h)/(4/(-50)). Calculate y(s).
1
Let c(r) = -2*r**3 + 3*r - 2*r - r**3 + 2*r**2. Let v = -4 + 19. Suppose -k + 7 = -5*d, -v = 5*d + k - 6*k. Calculate c(d).
4
Let x = 77 + -73. Let u(y) = -y**2 + 5*y - 6. What is u(x)?
-2
Let t(g) = -g**3 + 5*g**2 - 2*g + 6. Let o(d) = 4*d**2 + 5*d + 4. Let k be o(-4). Suppose -7*q = -q - k. Suppose q = 3*p - 7. Give t(p).
-4
Let q(v) = -12*v**2 + 2*v - 4. Let m(p) = -12*p**2 + 2*p - 5. Let k(f) = 3*m(f) - 4*q(f). Let a = -897 - -898. What is k(a)?
11
Let j = 1 + -6. Let q(f) = -f**3 - 5*f**2 - 4*f - 10. Let h be q(j). Suppose -2*k - 3*c = -6 + 20, -4*k + 3*c = h. Let s(d) = -d - 1. What is s(k)?
3
Let b be (25/(-20))/((-1)/(-4)). Let f(z) = -z**2 - 4*z + 7. Let c be f(b). Suppose -5*y = 5*t - 35, 8 = c*t + 2*t - y. Let j(w) = w**2 - 4*w. Give j(t).
-3
Let k(l) = 2*l + 8. Suppose 0 = 15*u - 10*u + 630. Let i = 120 + u. What is k(i)?
-4
Let j = -56 - -71. Suppose 0 = -8*f - j - 1. Let u(q) = -2*q**3 - 4*q**2 - 4*q - 2. Give u(f).
6
Suppose 2*n - 10 = -0*n. Let h(m) = m**2 - 8*m + 7. Give h(n).
-8
Let x(l) = 7*l*